b + 92. What is the tens digit of b?
2
Suppose -3*m - 9 = -6*m. Suppose 4*x - p = 0, 3*p + 4 = m*x - 5. What is the units digit of (x + 8/12)*-18?
6
Let z = 19 + -1. Let d = 19 + z. What is the units digit of d?
7
Suppose -654 = -5*m - 4*w, 38*m - 43*m = -5*w - 645. What is the hundreds digit of m?
1
Let n = -13 - -17. Let z = n + -2. Suppose -3*y + z*m + 122 = 2*y, 0 = m - 4. What is the tens digit of y?
2
Let z(i) = -i**2 - 9*i - 6. Let r be z(-8). Suppose r*v = v + 8. What is the units digit of v?
8
Suppose 0 = 5*r - 2*n - 220, 3*r - 22 - 110 = 4*n. Suppose -a + 38 = -r. What is the units digit of a?
2
Suppose 11*g = 12*g - 683. What is the hundreds digit of g?
6
Let v(m) = m**3 - 5*m**2 - 7*m - 11. What is the hundreds digit of v(11)?
6
Suppose -6*s + 43 = 295. Let r be (-2)/8 + (-118)/8. Let k = r - s. What is the units digit of k?
7
Let u = 13 - 11. Suppose -206 = -4*z - 2*h, 0 = 5*z - u*h - 280 + 45. Suppose -2*n - 2*g + z = -11, -2*n = 5*g - 45. What is the units digit of n?
5
Suppose 2*j - 23 = -19. Suppose 2*i = -9*d + 5*d + 284, j*d - 5*i = 130. What is the tens digit of d?
7
Let b(f) = f**3 + 4*f**2 - 3. Let k be b(-4). Let z(j) = -5*j. What is the units digit of z(k)?
5
Let x(i) = -i**3 - 10*i**2 - 8*i - 13. Let d be x(-9). What is the units digit of 25/10*(-3 + 2)*d?
5
Let g = -4 - -23. Let w = g - 8. What is the units digit of w?
1
Let x(u) = u + 1. Let b(i) = -10*i - 9. Let a(y) = -2*b(y) - 18*x(y). Let p be a(5). Let t = 30 - p. What is the tens digit of t?
2
Suppose -c = -5 - 2. Suppose -c*n = -991 - 409. What is the tens digit of n?
0
Suppose 0 = -5*y - 2*n + 130, 3*n + 0*n - 69 = -3*y. What is the units digit of y?
8
Suppose -2*x = -4*d + 60, -5 - 21 = -2*d + 3*x. Let q(m) = m**3 - 6*m**2 - 2*m + 33. Let v be q(5). Let t = v + d. What is the tens digit of t?
1
Suppose -3*f - 2 = r - 19, -f - 4*r = -13. Suppose -4*d + 212 = 5*n, -202 - 72 = -f*d - 4*n. What is the tens digit of d?
5
Suppose 0 = -j - 9*t + 3239, -4*j + t = -14179 + 1334. What is the hundreds digit of j?
2
Suppose 0 = -0*o + 4*o - 16. Suppose -n + 3*i - 49 = 0, -5*n = -0*n - o*i + 289. What is the units digit of -24 - n - (1 + 1)?
5
Let w(t) be the first derivative of -151*t**4/4 + t**3/3 + t**2/2 - 41. What is the tens digit of w(-1)?
5
Let o = -865 - -2412. What is the thousands digit of o?
1
Suppose -14 = 7*q + 42. What is the units digit of 2 + (6/(q/4) - -8)?
7
Let p(d) = d**3 + 7*d**2 - 9*d - 9. Let c be p(-8). Let t = c - -9. What is the tens digit of ((-78)/t)/(18/(-48))?
2
Let d(j) = -4*j**3 + 15*j**2 - 17*j - 6. What is the hundreds digit of d(-7)?
2
Let m = -204 - -479. Suppose -135 = -2*u + h, -4*u = h - 2*h - m. What is the units digit of u?
0
Suppose -15*k + 66 + 84 = 0. Suppose -k*b + 549 + 1271 = 0. What is the hundreds digit of b?
1
Let b(k) = -1058*k + 56. What is the tens digit of b(-2)?
7
Let m be (-1)/(0 - ((-33)/18 - -2)). Suppose u = 64 - m. What is the units digit of u?
8
Suppose 17644 = 14*m + 8*m. What is the hundreds digit of m?
8
Let p(b) = -4*b**3 + b. Let z be p(-1). Let s(w) be the second derivative of w**4/2 + w**3/3 - 10*w - 5. What is the tens digit of s(z)?
6
Let t(v) = v**3 + 11*v**2 - 14*v + 15. What is the tens digit of t(-7)?
0
Let y(q) be the first derivative of q**4/4 + 3*q**3 - 3*q**2 - 11*q - 19. What is the tens digit of y(-9)?
4
Let v(w) = 6*w**3 + w**2 - w + 7. Let t be v(4). Suppose 2*a + 4*u = 122, -5*u = -5*a - 53 + t. What is the tens digit of a?
6
Suppose -9 = -3*d, 4*l - 381 = 3*l - 2*d. What is the hundreds digit of l?
3
Let k(b) = 52*b + 4 - 69*b + 11. What is the hundreds digit of k(-8)?
1
Suppose -53*l + 45*l = -38360. What is the tens digit of l?
9
What is the tens digit of (-12060)/(-27) + (-8)/12?
4
Suppose -63*n + 35836 = 5*n. What is the units digit of n?
7
Let m(d) = -2 + 6 - d**2 - 16 - 13*d. Let l be m(-12). Suppose 2*a - 37 - 31 = l. What is the units digit of a?
4
Suppose -2*o - x + 1724 = -4*x, 5*x + 862 = o. What is the hundreds digit of o?
8
Suppose 259 = 3*v + 73. Suppose -v = 5*h - 7*h. What is the tens digit of h?
3
Let o(y) be the second derivative of -y**5/20 + 17*y**4/12 + 11*y**3/3 - 11*y**2/2 + 4*y. What is the units digit of o(18)?
1
Let k be (-10)/5 - (-1*1 + -2). Suppose -k = -j + 9. What is the units digit of j?
0
Let c be 1122/30 - 6/(-10). Let o = 11 + c. Let q = o + -17. What is the units digit of q?
2
Let w be -3*2/(-6)*-7. What is the tens digit of (-21)/147 + (-274)/w?
3
Let d = -1318 + 2378. What is the tens digit of d?
6
Suppose z - 1 + 3 = 0. What is the tens digit of 5148/90 + z/10?
5
Suppose -4*r - 6 = -i - 37, r + 3*i - 24 = 0. Let z = 90 - r. What is the units digit of z?
1
Suppose 3*h - 44 = 40. Let w = h + -10. What is the units digit of w?
8
Let r = -15 + 19. Let b = r - -33. Suppose 4*p - 3*p + 122 = 3*o, o - 4*p = b. What is the tens digit of o?
4
Suppose 2*o = -0*o. Suppose -4*l + f = -48, -l - 49 = -4*l + 4*f. Let u = o + l. What is the units digit of u?
1
Let h(f) = f**2 - f. Let l be h(1). Suppose -12 = -4*o + 4*s, -4*o - 4*s + l*s = -20. Suppose 0 = o*d - 8, -34 = 3*v - 6*v + 4*d. What is the tens digit of v?
1
Suppose 2*w = 2*x + 8 + 2, 5*w - x = 17. Suppose o - w*o + 46 = 0. What is the tens digit of o?
2
Suppose -719 = -3*a - 5*l, 8*a = 11*a + 4*l - 715. What is the tens digit of a?
3
Suppose 14*b - 3337 = 2067. What is the tens digit of b?
8
Suppose -387 - 2605 = -8*k. What is the hundreds digit of k?
3
Let k(r) = 88*r**2 - r - 2. Suppose -5*t + 6 = -11*t. What is the tens digit of k(t)?
8
Let q(m) = m + 8. Let i be q(-5). Suppose -7*r = -i*r - 76. What is the tens digit of r?
1
What is the tens digit of (-87)/(13/((-1612)/12))?
9
Let a(g) = 2*g**3 - 15*g**2 + 8*g - 2. Let h be a(7). Let b = h - 0. Let d(l) = -l + 16. What is the tens digit of d(b)?
1
Let v be ((-48)/(-18))/(2/48). Let w = 198 - v. What is the hundreds digit of w?
1
Suppose 3*l - l + 2 = 0. Let a = l - -4. What is the tens digit of (-2)/a - (-164)/12?
1
Let l be 4/10 + 1090/25. Let s = l - 20. Let a = s - -18. What is the tens digit of a?
4
Let t be (-2)/(-3) + (-75)/(-9). Let c be (t/2)/(-9)*-6. Suppose -c*i + 5*i = 20. What is the units digit of i?
0
Let s be (-8)/2*(0 - (-2)/(-4)). Suppose -142 - 278 = -s*m. What is the units digit of m?
0
Let l = -166 + 189. What is the tens digit of l?
2
What is the thousands digit of ((-45292)/78)/(11/6 + -2)?
3
Suppose -3*i - 4*j = -105, 3*i = j + 65 + 25. Suppose w = -5*a + 342, -5*a - 4*w + 317 + i = 0. What is the units digit of a?
8
Suppose 3*v = 2*q + 6, 0*q = -q - 2*v + 11. Let z(d) = -6*d + 38. Let s be z(0). Suppose -p + q*m + 0*m = -26, -m = -3*p + s. What is the tens digit of p?
1
Suppose 4*r + 13 = -3*x - r, x + r + 1 = 0. Let y = x + 57. What is the units digit of y?
1
Let x = 278 + -576. Let w = x - -438. What is the hundreds digit of w?
1
Suppose 3*k - 5 = -41. Let t be 6/(-2)*(-8)/k. Let g = 2 - t. What is the units digit of g?
4
Suppose z - 2*m - 26 = -3*m, -4*m + 8 = 0. Let j be z/(-4)*(-9)/(-6). Let g = j + 12. What is the units digit of g?
3
Suppose 2*s = -2*d + 18, 3*s - 4*s + 5*d = 21. What is the units digit of (-2390)/(-40) + 1/s?
0
Let n(v) = 37*v - 7. Let g be n(4). Let f = g - 63. What is the units digit of f?
8
Suppose 5*r = -5*f + 20, 5*r - 17 = -f - 3*f. Let i be ((-20)/(-30))/(r/18). Suppose -2*q = 4*n - i, n + 6 = 2*q + 2*n. What is the units digit of q?
2
Let t = -33 + 36. Suppose 75 = t*a - 2*a. Suppose 5*o + a = 315. What is the tens digit of o?
4
Suppose 98 = -3*h - q, -h - q = 15 + 15. What is the hundreds digit of 6/(-4)*(h - 34)?
1
Let q = 63 - 61. What is the hundreds digit of (q + -5)/((-27)/1935)?
2
Let c = -1306 - -3187. What is the thousands digit of c?
1
Let v(j) = -j + 17. Let b be v(15). Suppose b*q + 1 = n, -3*n = -2*n + 2*q - 5. What is the units digit of n?
3
Let g(n) = -5*n - 25. What is the hundreds digit of g(-29)?
1
Let j(k) = -2*k**3 - 4*k**2 + 6*k + 10. Let i be ((-8)/(-10))/((-9)/45). Let q be j(i). Let m = q - 23. What is the units digit of m?
7
Suppose -4*b = -12, 22*b = -5*a + 21*b + 6053. What is the hundreds digit of a?
2
Suppose 0 = 3*b - 12 - 30. Suppose 3*v - 2*v = b. What is the units digit of (12/v)/(6/42)?
6
Let u = 3405 + 419. What is the hundreds digit of u?
8
Let m = 3 - 7.